 is d(p)?
5
Let w(s) be the first derivative of -1/4*s**4 - s - 1/2*s**2 - 3 - 7/3*s**3. What is w(-7)?
6
Let t(v) be the third derivative of -v**5/60 + v**4/24 - v**3/2 - 7*v**2. Suppose -4*y = -9*y. Calculate t(y).
-3
Let a be 9/(-2) - ((-42)/(-12) - 5). Suppose -1 + 5 = 4*u. Let m(h) = -u - 4*h - 5*h + 5*h. What is m(a)?
11
Let w be (1 - 5)*54/(-4). Suppose 24 = 12*g - 612. Let z(d) = 0 + 1 + g*d - w*d. Determine z(-6).
7
Let l(k) = 8 + 11 + 2*k - 39 + 14 + 22. Calculate l(-9).
-2
Suppose r - 3*v + 7 = 0, 0*r = -2*r - 2*v + 18. Suppose -r*g + 4*u = 10, -3*g - 5 - 1 = -3*u. Let f(b) = -3*b - 2. Determine f(g).
4
Let d = -4 + 4. Suppose d = 3*q - q. Let c(a) = 5*a**2 - 155 - 4*a**2 + 161. Give c(q).
6
Suppose 2*u + 2*z = 20, 4*u - 5*u + 2*z + 16 = 0. Let d(v) = -v**3 + 11*v**2 + 11*v - 11. Give d(u).
-23
Let z(l) = -4*l + 3. Let c(u) = -5*u - 14. Let v(i) = 6*i + 15. Let k be (-17)/4 - (-39)/(-52). Let m(j) = k*c(j) - 4*v(j). Let r be m(-8). Calculate z(r).
-5
Let a be (3 + -3)*(-1)/2. Let k(b) = b**3 - b**2 - b - 12. Determine k(a).
-12
Let b be 2 + 5 + -4 - (-2 - -3). Let c(l) be the first derivative of 11 - 3/2*l**b + 0*l. Give c(-2).
6
Suppose 0 = -3*t + g + 4, -46*t + 4 = -45*t - g. Let v(k) = 2*k**2 - k + 15. Determine v(t).
15
Let j(l) be the first derivative of l**3/3 + l**2/2 - 3*l - 12. Let o(s) = s - 6. Let a be o(3). Determine j(a).
3
Let q(p) = 7*p**3 - 8*p**2 - 21*p - 8. Let x(o) = -12*o**3 + 16*o**2 + 40*o + 16. Let s(t) = 7*q(t) + 4*x(t). Calculate s(-6).
2
Let f(n) = -9*n**3 + 2*n**2 - 1. Suppose -3*l = j - 14, -7*l + 2*l - 2*j = -25. Suppose -1 = g - l. Let w be 18/(-21) - g/14. Give f(w).
10
Let w(u) be the second derivative of -u**4/12 + u**3/6 + u. Let t(c) = -c**2 + 21*c - 36. Let y be t(18). Let z(r) = -r + 19. Let l be z(y). Determine w(l).
0
Let t(b) = -23 + 3 + 7 - 22 - 2*b - 9. Give t(0).
-44
Let l(x) = 22*x**2 - 4. Let g(o) = 24*o**2 - 5. Let s(b) = 5*g(b) - 6*l(b). Give s(1).
-13
Let l(m) = 2*m**2 + 3. Let k(z) = 5*z**2 - z + 7. Let t(v) = 3*k(v) - 8*l(v). What is t(-2)?
-1
Let q(b) = -6*b. Suppose 3*h + 3*a + 39 = h, 0 = h - 5*a. Let p = -15 - h. Suppose -2*k = -2 - p. Calculate q(k).
-6
Let z(b) = 3*b**3 + 17*b**2 - 4*b + 7. Let f be z(-6). Let x = 0 - -3. Let n(s) = -4 + x - 5 - 2*s. Calculate n(f).
4
Let b be (-1)/(-2)*-26 + 21/7. Let x(v) = v**2 + 5*v - 5. Give x(b).
45
Let x(z) = z**2 + 3*z - 2. Let i(n) = -n**3 - 7*n**2 - 6*n + 4. Let h be i(-6). Suppose h*r + 20 = 0, -2*g + 2*r = -3*r - 21. Calculate x(g).
-4
Let o(f) = 2*f**3 - 6*f**2 + f. Let u(n) = 3*n**3 - 10*n**2 + 2*n. Let i(c) = -7*o(c) + 4*u(c). What is i(-1)?
3
Let a = -10 + 18. Suppose 10*s = 5*s + 60. Let h(c) = a*c + 13 - s - c - 3*c. Calculate h(-1).
-3
Let i(o) be the second derivative of 1/6*o**3 + 0*o**4 - 4*o + 0 - 1/60*o**5 + 0*o**2. Let r(p) be the second derivative of i(p). What is r(-4)?
8
Let j(h) be the first derivative of h - 1/3*h**3 + 0*h**2 - 1. Give j(-2).
-3
Let b(g) = g**2 + 4*g**2 - 3 - 3*g**2. Let h be b(2). Let u(i) = -3*i - 3. Calculate u(h).
-18
Suppose 0 = -33*h + 32*h + 19. Let g(i) = -i**2 + 16*i + 51. Determine g(h).
-6
Let o(l) = l**2 + 3*l - 1. Let m(i) = -i**3 - 8*i**2 + 8*i - 4. Let f be m(-9). Suppose h = f*h. Suppose -s + 0*s = 2*g + 13, h = -3*g + s - 7. Give o(g).
3
Let u(r) be the first derivative of r**4/4 - 7*r**3/3 + 5*r**2/2 - 5*r - 2349. Suppose a - 5*a + 24 = 0. Determine u(a).
-11
Let a(f) = -2 + 9*f + 2 - 7*f - 9. Determine a(6).
3
Let h(v) be the third derivative of 11*v**4/24 + 555*v**2. Give h(-2).
-22
Let v(u) = u**3 + u**2 + u - 5. Let h(k) = k - 2. Let x be 8 + 2 + (-4)/2. Let t be h(x). Suppose 2*n - 2*f - f - 9 = 0, -n = -2*f - t. Determine v(n).
-5
Let g(q) = -2*q**2 + 10*q - 4. Let h(t) be the second derivative of -t**4/4 + 7*t**3/2 - 4*t**2 - 19*t. Let z(s) = 5*g(s) - 3*h(s). Determine z(-13).
4
Let p be (31 - 33)/((-2)/(-2)*-1). Let t(o) = 10 + p*o - 15 + 6 - o. Give t(-8).
-7
Let l(o) be the second derivative of -o**5/20 + o**4/2 - o**3/6 - 2*o**2 - 3*o + 1. Let x = 5 - -1. Calculate l(x).
-10
Let g be -2*2*(-602)/(-43). Let q = g - -62. Let f(r) = r**2 - 7*r + 4. Determine f(q).
-2
Let w(g) = -24*g + 5. Let q be 10/(-2) - -10 - 30/(-5). Let u(c) be the second derivative of -5*c**3/6 + c**2/2 + c. Let d(s) = q*u(s) - 2*w(s). Give d(2).
-13
Let b = 42 + -17. Let t = 29 - b. Let d(p) = 3*p**2 - 7*p - 2*p**2 + 5 + 1. Determine d(t).
-6
Let k(h) = -3*h**3 + 15*h**2 - 7*h + 5. Let j(s) = -s**3 + 5*s**2 - 2*s + 2. Let d(w) = 7*j(w) - 2*k(w). Give d(5).
4
Let p(x) = -x**2 + 1. Let t(w) = -w**2 - 2*w + 1. Let c(j) = 2*p(j) - t(j). Let y = -200 + 197. What is c(y)?
-14
Let g(w) = -1. Let u(d) = -2*d - 3. Let q(a) = -g(a) + 2*u(a). Suppose l = 6*l - 30. Let c be (9/l)/(3/(-8)). Calculate q(c).
11
Let v(q) = -7*q + 5. Let p(c) = -13*c + 10. Let w(j) = -6*p(j) + 11*v(j). Suppose 4*n - 16 = -4. Suppose -l + 3*s = -n, -4 = -5*s + 1. Calculate w(l).
1
Let z(i) = i - 2. Let f(c) = -c**3 + 7*c**2 - 9*c + 3. Let y be f(4). Suppose 9*m + y = -21. What is z(m)?
-6
Suppose 0 = 33*g - 38 + 71. Let x(u) = -18*u**2 - 1. Give x(g).
-19
Suppose -19*x + 23*x - 32 = 4*n, 2 = -x - n. Let u(w) = 2*w**3. What is u(x)?
54
Let f = -230 + 228. Let v(b) = b**2 + b - 1. Give v(f).
1
Suppose 0 = 10*v + 4*v + 14. Let p(x) = -18*x + 1. Let k(j) = j. Let f(i) = 4*k(i) + p(i). What is f(v)?
15
Let c(i) = i**3 - 7*i**2 + 6*i. Let q(g) = -g**2 + 10*g - 18. Let k be q(4). What is c(k)?
0
Suppose 17*c + 4*b - 40 = 13*c, 2*c + 3*b = 23. Let q(n) = 3*n - 18. Determine q(c).
3
Let c(p) = -p**3 - 8*p**2 - p - 4. Let u = 79 - 75. Suppose -u + 36 = -4*k + t, 3*k + 24 = 3*t. Calculate c(k).
4
Suppose 0 = -b - 0*b. Let c(u) = b + 3 - 2 + u. Let v = -4 - 0. Give c(v).
-3
Let a(z) = 9*z - 22*z**3 - 23 - 2*z + 57*z**3 + 6*z**2 - 28*z**3. Let y(k) = 13*k**3 + 11*k**2 + 13*k - 46. Let o(f) = 11*a(f) - 6*y(f). Determine o(0).
23
Let s(c) be the third derivative of 0 + 1/12*c**5 + 4*c**2 + 1/12*c**4 + 1/120*c**6 - 1/3*c**3 + 0*c. Give s(-3).
10
Let y(h) = 5*h - 1 + 7*h - 10*h. Let v = 137 - 136. Give y(v).
1
Let d(b) = 2*b. Let p(l) = -l. Let w(j) = 4*d(j) + 10*p(j). Let v(h) = -h**2 + 4*h + 4. Let r be v(5). Calculate w(r).
2
Let z(o) = o**3 - 10*o**2 - o + 7. Let n be z(10). Let x(r) = -3*r - 7. What is x(n)?
2
Let o(s) = s + 7. Let h(c) = 5*c + 29. Let z(r) = 2*h(r) - 9*o(r). Let f = -10 + -1. Let u = f - -11. Give z(u).
-5
Let i(k) = -k**2 - 14*k - 16. Suppose 2*d = 2*u + u - 152, 4*u = -d - 76. Let o = 63 + d. Give i(o).
-3
Suppose 0 = -5*q + 3*q - 50. Let s = -18 - q. Let r(n) = -2*n**3 + n**2 - n + 3. Let u(x) = 11*x**3 + x**2 + 6*x - 20. Let i(d) = 6*r(d) + u(d). What is i(s)?
-2
Let c(i) = i**3 + i. Let x(r) = r**3 - 6*r**2 + 5*r + 6. Let n(h) = 2*c(h) - x(h). Calculate n(-6).
12
Let g(v) = v**2 - 8*v - 4. Let z be (((-104)/32)/(-13))/((-2)/(-56)). What is g(z)?
-11
Let p = -82 + 85. Let j(v) be the third derivative of -v**6/120 + v**5/12 - v**4/8 + v**3/3 - 2*v**2. What is j(p)?
11
Let x = 7 - 2. Let r(t) = t**2 - t - 1. Let a(f) = -6*f**2 + 11*f + 13. Let i(p) = x*r(p) + a(p). Suppose 0 = -5*v - 0 + 35. Give i(v).
1
Let k(m) be the first derivative of -m**4/4 - m**3/3 + 2*m**2 + 2*m + 2. Let p be k(-3). Let l(h) = 8 - 1 - 6*h - p - h**2. Determine l(-5).
4
Let o(r) = 2*r**3 + 7*r**2 + 11*r + 1. Let v(z) = -z**3 - z**2 - 2*z. Let g(y) = o(y) + 3*v(y). What is g(5)?
1
Let j(b) = 38*b**2 - 2*b - 1. Let l(d) = -2*d**3 + 19*d**2 + 11*d - 11. Let n be l(10). Determine j(n).
39
Let i(y) = -18*y + 5. Let o(m) = 9*m - 3. Let j(q) = 6*i(q) + 11*o(q). Suppose 4*g = 2*z + 8, -6*g - 1 = 2*z - 3*g. Give j(z).
15
Suppose 37*y + 5*q = 36*y - 25, -31 = 3*y + 4*q. Let n(p) be the first derivative of p**3/3 + 3*p**2 + p + 7. What is n(y)?
-4
Let b(w) be the second derivative of -w**4/12 + 5*w**3/3 + 3*w**2/2 - 97*w. Give b(8).
19
Let z(x) = 9*x**2 + 41*x - 49. Let f(m) = -4*m**2 - 19*m + 25. Let g(k) = -13*f(k) - 6*z(k). Calculate g(0).
-31
Let i(f) = -f**3 - 2*f + 6. Suppose 0 = -310*y + 316*y - 18. Determine i(y).
-27
Suppose -3*c + 2*c + 3*y - 7 = 0, 0 = -4*c - 5*y + 23. Let k(d) = -4*d**3 + 2*d + 2*d**3 + 13*d**c + 7 - 8*d**2 + 3*d**3. Determine k(-5).
-3
Let w(j) be the first derivative of 1/3*j**3 - j + 6 - j**2. Give w(-1).
2
Let h(d) = -d**2 